{"id":2,"date":"2017-02-05T10:49:09","date_gmt":"2017-02-05T09:49:09","guid":{"rendered":"http:\/\/event-shirt.de\/?page_id=2"},"modified":"2017-02-07T23:05:59","modified_gmt":"2017-02-07T22:05:59","slug":"home","status":"publish","type":"page","link":"https:\/\/event-shirt.de\/","title":{"rendered":"Home"},"content":{"rendered":"<h2>Wir \u00fcber uns<\/h2>\n<p>Seit \u00fcber 10 Jahren begleitet das Event-Shirt Team im Bereich Merchandise als Veranstaltungspartner kleine, mittlere und gro\u00dfe Veranstaltungen. Gemeinsam mit ihnen entwickeln wir besondere Souvenirs,\u00a0damit\u00a0den G\u00e4sten, Teilnehmern und Zuschauern ihre Veranstaltung, ihr\u00a0Event unvergessen bleibt. Zudem bieten wir bei Bedarf einen individuellen Textildruckservice vor Ort an. Das n\u00f6tige Equipment und ein kompetentes Event-Shirt Team sorgen f\u00fcr einen unkomplizierten und von der Veranstaltung unabh\u00e4ngigen Ablauf.<\/p>\n<p>Veranstaltungsrelevante Produkte liefern wir Ihnen gerne gleich mit. Ob Helfershirts, VIP B\u00e4ndchen, RollUp-Banner oder auch der gl\u00e4nzende Pokal f\u00fcr den Sieger, bei uns bekommen Sie alles aus einer Hand. Suchen Sie im Bereich Catering, Moderation oder Entertainment noch den passenden Veranstaltungspartner, dann helfen wir Ihnen gerne weiter. Im Laufe der Jahre haben wir ein breites Netz an kompetenten Veranstaltungspartnern aufgebaut. Profitieren Sie von unseren Erfahrungen.<\/p>\n<p><strong>Gerne beraten wir Sie auch pers\u00f6nlich. Unsere Kontaktdaten finden Sie <a href=\"https:\/\/event-shirt.de\/kontakt\/\">hier<\/a>. Anfragen auch gerne telefonisch unter 030 &#8211; 25 89 90 10 oder per Email an <a href=\"mailto:info@event-Shirt.de\">info@event-Shirt.de<\/a>.<\/strong><\/p>\n<h2><\/h2>\n<h2>N\u00e4chste Veranstaltung<\/h2>\n<p><a href=\"https:\/\/event-shirt.de\/2017\/02\/05\/ism-2017-international-swim-meeting\/\">ISM 2017 \u2013 INTERNATIONAL SWIM MEETING<\/a><br \/>\n<a href=\"https:\/\/event-shirt.de\/2017\/02\/05\/ism-2017-international-swim-meeting\/\"><img loading=\"lazy\" decoding=\"async\" class=\"bild50 alignnone wp-image-72 size-full\" src=\"https:\/\/event-shirt.de\/wp-content\/uploads\/2017\/02\/Anzeige-Swim-and-More-1-3quer.jpg\" width=\"2480\" height=\"1240\" srcset=\"https:\/\/event-shirt.de\/wp-content\/uploads\/2017\/02\/Anzeige-Swim-and-More-1-3quer.jpg 2480w, https:\/\/event-shirt.de\/wp-content\/uploads\/2017\/02\/Anzeige-Swim-and-More-1-3quer-300x150.jpg 300w, https:\/\/event-shirt.de\/wp-content\/uploads\/2017\/02\/Anzeige-Swim-and-More-1-3quer-768x384.jpg 768w, https:\/\/event-shirt.de\/wp-content\/uploads\/2017\/02\/Anzeige-Swim-and-More-1-3quer-1024x512.jpg 1024w\" sizes=\"auto, (max-width: 2480px) 100vw, 2480px\" \/><\/a><\/p>\n","protected":false},"excerpt":{"rendered":"<p>Wir \u00fcber uns Seit \u00fcber 10 Jahren begleitet das Event-Shirt Team im Bereich Merchandise als Veranstaltungspartner kleine, mittlere und gro\u00dfe Veranstaltungen. Gemeinsam mit ihnen entwickeln wir besondere Souvenirs,\u00a0damit\u00a0den G\u00e4sten, Teilnehmern und Zuschauern ihre Veranstaltung, ihr\u00a0Event unvergessen bleibt. Zudem bieten wir bei Bedarf einen individuellen Textildruckservice vor Ort an. Das n\u00f6tige Equipment und ein kompetentes Event-Shirt <a class=\"read-more\" href=\"https:\/\/event-shirt.de\/\">Mehr Lesen<\/a><\/p>\n","protected":false},"author":1,"featured_media":0,"parent":0,"menu_order":0,"comment_status":"closed","ping_status":"open","template":"","meta":{"footnotes":""},"class_list":["post-2","page","type-page","status-publish","hentry"],"yoast_head":"<!-- This site is optimized with the Yoast SEO plugin v27.4 - https:\/\/yoast.com\/product\/yoast-seo-wordpress\/ -->\n<title>Home - event-Shirt<\/title>\n<meta name=\"robots\" content=\"index, follow, max-snippet:-1, max-image-preview:large, max-video-preview:-1\" \/>\n<link rel=\"canonical\" href=\"https:\/\/event-shirt.de\/\" \/>\n<meta property=\"og:locale\" content=\"de_DE\" \/>\n<meta property=\"og:type\" content=\"article\" \/>\n<meta property=\"og:title\" content=\"Home - event-Shirt\" \/>\n<meta property=\"og:description\" content=\"Wir \u00fcber uns Seit \u00fcber 10 Jahren begleitet das Event-Shirt Team im Bereich Merchandise als Veranstaltungspartner kleine, mittlere und gro\u00dfe Veranstaltungen. Gemeinsam mit ihnen entwickeln wir besondere Souvenirs,\u00a0damit\u00a0den G\u00e4sten, Teilnehmern und Zuschauern ihre Veranstaltung, ihr\u00a0Event unvergessen bleibt. Zudem bieten wir bei Bedarf einen individuellen Textildruckservice vor Ort an. Das n\u00f6tige Equipment und ein kompetentes Event-Shirt Mehr Lesen\" \/>\n<meta property=\"og:url\" content=\"https:\/\/event-shirt.de\/\" \/>\n<meta property=\"og:site_name\" content=\"event-Shirt\" \/>\n<meta property=\"article:modified_time\" content=\"2017-02-07T22:05:59+00:00\" \/>\n<meta property=\"og:image\" content=\"https:\/\/event-shirt.de\/wp-content\/uploads\/2017\/02\/Anzeige-Swim-and-More-1-3quer.jpg\" \/>\n\t<meta property=\"og:image:width\" content=\"2480\" \/>\n\t<meta property=\"og:image:height\" content=\"1240\" \/>\n\t<meta property=\"og:image:type\" content=\"image\/jpeg\" \/>\n<meta name=\"twitter:card\" content=\"summary_large_image\" \/>\n<meta name=\"twitter:label1\" content=\"Gesch\u00e4tzte Lesezeit\" \/>\n\t<meta name=\"twitter:data1\" content=\"1\u00a0Minute\" \/>\n<script type=\"application\/ld+json\" class=\"yoast-schema-graph\">{\"@context\":\"https:\\\/\\\/schema.org\",\"@graph\":[{\"@type\":\"WebPage\",\"@id\":\"https:\\\/\\\/event-shirt.de\\\/\",\"url\":\"https:\\\/\\\/event-shirt.de\\\/\",\"name\":\"Home - event-Shirt\",\"isPartOf\":{\"@id\":\"https:\\\/\\\/event-shirt.de\\\/#website\"},\"primaryImageOfPage\":{\"@id\":\"https:\\\/\\\/event-shirt.de\\\/#primaryimage\"},\"image\":{\"@id\":\"https:\\\/\\\/event-shirt.de\\\/#primaryimage\"},\"thumbnailUrl\":\"https:\\\/\\\/event-shirt.de\\\/wp-content\\\/uploads\\\/2017\\\/02\\\/Anzeige-Swim-and-More-1-3quer.jpg\",\"datePublished\":\"2017-02-05T09:49:09+00:00\",\"dateModified\":\"2017-02-07T22:05:59+00:00\",\"breadcrumb\":{\"@id\":\"https:\\\/\\\/event-shirt.de\\\/#breadcrumb\"},\"inLanguage\":\"de\",\"potentialAction\":[{\"@type\":\"ReadAction\",\"target\":[\"https:\\\/\\\/event-shirt.de\\\/\"]}]},{\"@type\":\"ImageObject\",\"inLanguage\":\"de\",\"@id\":\"https:\\\/\\\/event-shirt.de\\\/#primaryimage\",\"url\":\"https:\\\/\\\/event-shirt.de\\\/wp-content\\\/uploads\\\/2017\\\/02\\\/Anzeige-Swim-and-More-1-3quer.jpg\",\"contentUrl\":\"https:\\\/\\\/event-shirt.de\\\/wp-content\\\/uploads\\\/2017\\\/02\\\/Anzeige-Swim-and-More-1-3quer.jpg\",\"width\":2480,\"height\":1240},{\"@type\":\"BreadcrumbList\",\"@id\":\"https:\\\/\\\/event-shirt.de\\\/#breadcrumb\",\"itemListElement\":[{\"@type\":\"ListItem\",\"position\":1,\"name\":\"Start\",\"item\":\"https:\\\/\\\/event-shirt.de\\\/\"},{\"@type\":\"ListItem\",\"position\":2,\"name\":\"Home\"}]},{\"@type\":\"WebSite\",\"@id\":\"https:\\\/\\\/event-shirt.de\\\/#website\",\"url\":\"https:\\\/\\\/event-shirt.de\\\/\",\"name\":\"event-Shirt\",\"description\":\"Veranstaltungspartner\",\"publisher\":{\"@id\":\"https:\\\/\\\/event-shirt.de\\\/#organization\"},\"potentialAction\":[{\"@type\":\"SearchAction\",\"target\":{\"@type\":\"EntryPoint\",\"urlTemplate\":\"https:\\\/\\\/event-shirt.de\\\/?s={search_term_string}\"},\"query-input\":{\"@type\":\"PropertyValueSpecification\",\"valueRequired\":true,\"valueName\":\"search_term_string\"}}],\"inLanguage\":\"de\"},{\"@type\":\"Organization\",\"@id\":\"https:\\\/\\\/event-shirt.de\\\/#organization\",\"name\":\"event-Shirt\",\"url\":\"https:\\\/\\\/event-shirt.de\\\/\",\"logo\":{\"@type\":\"ImageObject\",\"inLanguage\":\"de\",\"@id\":\"https:\\\/\\\/event-shirt.de\\\/#\\\/schema\\\/logo\\\/image\\\/\",\"url\":\"https:\\\/\\\/event-shirt.de\\\/wp-content\\\/uploads\\\/2017\\\/02\\\/cropped-evenT-Shirt-Logo.png\",\"contentUrl\":\"https:\\\/\\\/event-shirt.de\\\/wp-content\\\/uploads\\\/2017\\\/02\\\/cropped-evenT-Shirt-Logo.png\",\"width\":577,\"height\":227,\"caption\":\"event-Shirt\"},\"image\":{\"@id\":\"https:\\\/\\\/event-shirt.de\\\/#\\\/schema\\\/logo\\\/image\\\/\"}}]}<\/script>\n<!-- \/ Yoast SEO plugin. -->","yoast_head_json":{"title":"Home - event-Shirt","robots":{"index":"index","follow":"follow","max-snippet":"max-snippet:-1","max-image-preview":"max-image-preview:large","max-video-preview":"max-video-preview:-1"},"canonical":"https:\/\/event-shirt.de\/","og_locale":"de_DE","og_type":"article","og_title":"Home - event-Shirt","og_description":"Wir \u00fcber uns Seit \u00fcber 10 Jahren begleitet das Event-Shirt Team im Bereich Merchandise als Veranstaltungspartner kleine, mittlere und gro\u00dfe Veranstaltungen. Gemeinsam mit ihnen entwickeln wir besondere Souvenirs,\u00a0damit\u00a0den G\u00e4sten, Teilnehmern und Zuschauern ihre Veranstaltung, ihr\u00a0Event unvergessen bleibt. Zudem bieten wir bei Bedarf einen individuellen Textildruckservice vor Ort an. Das n\u00f6tige Equipment und ein kompetentes Event-Shirt Mehr Lesen","og_url":"https:\/\/event-shirt.de\/","og_site_name":"event-Shirt","article_modified_time":"2017-02-07T22:05:59+00:00","og_image":[{"width":2480,"height":1240,"url":"https:\/\/event-shirt.de\/wp-content\/uploads\/2017\/02\/Anzeige-Swim-and-More-1-3quer.jpg","type":"image\/jpeg"}],"twitter_card":"summary_large_image","twitter_misc":{"Gesch\u00e4tzte Lesezeit":"1\u00a0Minute"},"schema":{"@context":"https:\/\/schema.org","@graph":[{"@type":"WebPage","@id":"https:\/\/event-shirt.de\/","url":"https:\/\/event-shirt.de\/","name":"Home - event-Shirt","isPartOf":{"@id":"https:\/\/event-shirt.de\/#website"},"primaryImageOfPage":{"@id":"https:\/\/event-shirt.de\/#primaryimage"},"image":{"@id":"https:\/\/event-shirt.de\/#primaryimage"},"thumbnailUrl":"https:\/\/event-shirt.de\/wp-content\/uploads\/2017\/02\/Anzeige-Swim-and-More-1-3quer.jpg","datePublished":"2017-02-05T09:49:09+00:00","dateModified":"2017-02-07T22:05:59+00:00","breadcrumb":{"@id":"https:\/\/event-shirt.de\/#breadcrumb"},"inLanguage":"de","potentialAction":[{"@type":"ReadAction","target":["https:\/\/event-shirt.de\/"]}]},{"@type":"ImageObject","inLanguage":"de","@id":"https:\/\/event-shirt.de\/#primaryimage","url":"https:\/\/event-shirt.de\/wp-content\/uploads\/2017\/02\/Anzeige-Swim-and-More-1-3quer.jpg","contentUrl":"https:\/\/event-shirt.de\/wp-content\/uploads\/2017\/02\/Anzeige-Swim-and-More-1-3quer.jpg","width":2480,"height":1240},{"@type":"BreadcrumbList","@id":"https:\/\/event-shirt.de\/#breadcrumb","itemListElement":[{"@type":"ListItem","position":1,"name":"Start","item":"https:\/\/event-shirt.de\/"},{"@type":"ListItem","position":2,"name":"Home"}]},{"@type":"WebSite","@id":"https:\/\/event-shirt.de\/#website","url":"https:\/\/event-shirt.de\/","name":"event-Shirt","description":"Veranstaltungspartner","publisher":{"@id":"https:\/\/event-shirt.de\/#organization"},"potentialAction":[{"@type":"SearchAction","target":{"@type":"EntryPoint","urlTemplate":"https:\/\/event-shirt.de\/?s={search_term_string}"},"query-input":{"@type":"PropertyValueSpecification","valueRequired":true,"valueName":"search_term_string"}}],"inLanguage":"de"},{"@type":"Organization","@id":"https:\/\/event-shirt.de\/#organization","name":"event-Shirt","url":"https:\/\/event-shirt.de\/","logo":{"@type":"ImageObject","inLanguage":"de","@id":"https:\/\/event-shirt.de\/#\/schema\/logo\/image\/","url":"https:\/\/event-shirt.de\/wp-content\/uploads\/2017\/02\/cropped-evenT-Shirt-Logo.png","contentUrl":"https:\/\/event-shirt.de\/wp-content\/uploads\/2017\/02\/cropped-evenT-Shirt-Logo.png","width":577,"height":227,"caption":"event-Shirt"},"image":{"@id":"https:\/\/event-shirt.de\/#\/schema\/logo\/image\/"}}]}},"_links":{"self":[{"href":"https:\/\/event-shirt.de\/index.php?rest_route=\/wp\/v2\/pages\/2","targetHints":{"allow":["GET"]}}],"collection":[{"href":"https:\/\/event-shirt.de\/index.php?rest_route=\/wp\/v2\/pages"}],"about":[{"href":"https:\/\/event-shirt.de\/index.php?rest_route=\/wp\/v2\/types\/page"}],"author":[{"embeddable":true,"href":"https:\/\/event-shirt.de\/index.php?rest_route=\/wp\/v2\/users\/1"}],"replies":[{"embeddable":true,"href":"https:\/\/event-shirt.de\/index.php?rest_route=%2Fwp%2Fv2%2Fcomments&post=2"}],"version-history":[{"count":21,"href":"https:\/\/event-shirt.de\/index.php?rest_route=\/wp\/v2\/pages\/2\/revisions"}],"predecessor-version":[{"id":111,"href":"https:\/\/event-shirt.de\/index.php?rest_route=\/wp\/v2\/pages\/2\/revisions\/111"}],"wp:attachment":[{"href":"https:\/\/event-shirt.de\/index.php?rest_route=%2Fwp%2Fv2%2Fmedia&parent=2"}],"curies":[{"name":"wp","href":"https:\/\/api.w.org\/{rel}","templated":true}]}}